{"id":3,"date":"2024-05-23T08:26:27","date_gmt":"2024-05-23T06:26:27","guid":{"rendered":"http:\/\/usadyqh.cluster027.hosting.ovh.net\/SV\/?page_id=3"},"modified":"2026-01-15T13:25:36","modified_gmt":"2026-01-15T12:25:36","slug":"politique-de-confidentialite","status":"publish","type":"page","link":"https:\/\/www.supraverba.com\/index.php\/politique-de-confidentialite\/","title":{"rendered":"Qui suis-je ?"},"content":{"rendered":"<nav class=\"is-responsive wp-block-navigation is-layout-flex wp-block-navigation-is-layout-flex\" aria-label=\"Navigation\" \n\t\t data-wp-interactive=\"core\/navigation\" data-wp-context='{\"overlayOpenedBy\":{\"click\":false,\"hover\":false,\"focus\":false},\"type\":\"overlay\",\"roleAttribute\":\"\",\"ariaLabel\":\"Menu\"}'><button aria-haspopup=\"dialog\" aria-label=\"Ouvrir le menu\" class=\"wp-block-navigation__responsive-container-open\" \n\t\t\t\tdata-wp-on--click=\"actions.openMenuOnClick\"\n\t\t\t\tdata-wp-on--keydown=\"actions.handleMenuKeydown\"\n\t\t\t><svg width=\"24\" height=\"24\" xmlns=\"http:\/\/www.w3.org\/2000\/svg\" viewBox=\"0 0 24 24\" aria-hidden=\"true\" focusable=\"false\"><path d=\"M4 7.5h16v1.5H4z\"><\/path><path d=\"M4 15h16v1.5H4z\"><\/path><\/svg><\/button>\n\t\t\t\t<div class=\"wp-block-navigation__responsive-container\"  id=\"modal-1\" \n\t\t\t\tdata-wp-class--has-modal-open=\"state.isMenuOpen\"\n\t\t\t\tdata-wp-class--is-menu-open=\"state.isMenuOpen\"\n\t\t\t\tdata-wp-watch=\"callbacks.initMenu\"\n\t\t\t\tdata-wp-on--keydown=\"actions.handleMenuKeydown\"\n\t\t\t\tdata-wp-on--focusout=\"actions.handleMenuFocusout\"\n\t\t\t\ttabindex=\"-1\"\n\t\t\t>\n\t\t\t\t\t<div class=\"wp-block-navigation__responsive-close\" tabindex=\"-1\">\n\t\t\t\t\t\t<div class=\"wp-block-navigation__responsive-dialog\" \n\t\t\t\tdata-wp-bind--aria-modal=\"state.ariaModal\"\n\t\t\t\tdata-wp-bind--aria-label=\"state.ariaLabel\"\n\t\t\t\tdata-wp-bind--role=\"state.roleAttribute\"\n\t\t\t>\n\t\t\t\t\t\t\t<button aria-label=\"Fermer le menu\" class=\"wp-block-navigation__responsive-container-close\" \n\t\t\t\tdata-wp-on--click=\"actions.closeMenuOnClick\"\n\t\t\t><svg xmlns=\"http:\/\/www.w3.org\/2000\/svg\" viewBox=\"0 0 24 24\" width=\"24\" height=\"24\" aria-hidden=\"true\" focusable=\"false\"><path d=\"m13.06 12 6.47-6.47-1.06-1.06L12 10.94 5.53 4.47 4.47 5.53 10.94 12l-6.47 6.47 1.06 1.06L12 13.06l6.47 6.47 1.06-1.06L13.06 12Z\"><\/path><\/svg><\/button>\n\t\t\t\t\t\t\t<div class=\"wp-block-navigation__responsive-container-content\" \n\t\t\t\tdata-wp-watch=\"callbacks.focusFirstElement\"\n\t\t\t id=\"modal-1-content\">\n\t\t\t\t\t\t\t\t<ul class=\"wp-block-navigation__container is-responsive wp-block-navigation\"><li class=\" wp-block-navigation-item wp-block-navigation-link\"><a class=\"wp-block-navigation-item__content\"  href=\"https:\/\/www.supraverba.com\/index.php\/politique-de-confidentialite\/\"><span class=\"wp-block-navigation-item__label\">Qui suis-je ?<\/span><\/a><\/li><li class=\" wp-block-navigation-item wp-block-navigation-link\"><a class=\"wp-block-navigation-item__content\"  href=\"https:\/\/www.supraverba.com\/index.php\/me-contacter\/\"><span class=\"wp-block-navigation-item__label\">Me contacter<\/span><\/a><\/li><\/ul>\n\t\t\t\t\t\t\t<\/div>\n\t\t\t\t\t\t<\/div>\n\t\t\t\t\t<\/div>\n\t\t\t\t<\/div><\/nav>\n\n\n<div class=\"wp-block-media-text is-stacked-on-mobile\" style=\"grid-template-columns:32% auto\"><figure class=\"wp-block-media-text__media\"><img loading=\"lazy\" decoding=\"async\" width=\"644\" height=\"550\" src=\"https:\/\/www.supraverba.com\/wp-content\/uploads\/2024\/05\/Didier-supra-verba.png\" alt=\"\" class=\"wp-image-88 size-full\" srcset=\"https:\/\/www.supraverba.com\/wp-content\/uploads\/2024\/05\/Didier-supra-verba.png 644w, https:\/\/www.supraverba.com\/wp-content\/uploads\/2024\/05\/Didier-supra-verba-300x256.png 300w\" sizes=\"auto, (max-width: 644px) 100vw, 644px\" \/><\/figure><div class=\"wp-block-media-text__content\">\n<p>Apr\u00e8s quinze ann\u00e9es pass\u00e9es au sein d&rsquo;un service de renseignement fran\u00e7ais en tant qu&rsquo;officier de renseignement puis <strong>instructeur responsable de la formation des services partenaires \u00e9trangers<\/strong> (recrutement de sources, manipulation, entretien en milieu ouvert, etc.), j&rsquo;ai d\u00e9cid\u00e9 de rejoindre, il y a sept ans, une grande entreprise priv\u00e9e pour piloter<strong> une \u00e9quipe pluridisciplinaire d\u00e9di\u00e9e \u00e0 l&rsquo;intelligence \u00e9conomique.<\/strong><\/p>\n\n\n\n<p>Fort de cette <strong>double exp\u00e9rience de manager et de formateur en techniques de<\/strong> <strong>communication<\/strong>, j&rsquo;ai initi\u00e9 des actions de formations en interne afin d&rsquo;aider mes coll\u00e8gues \u00e0 <strong>communiquer plus efficacement.<\/strong><\/p>\n\n\n\n<p class=\"has-text-align-right\"><strong><em>Didier<\/em><\/strong><\/p>\n<\/div><\/div>\n","protected":false},"excerpt":{"rendered":"<p>Apr\u00e8s quinze ann\u00e9es pass\u00e9es au sein d&rsquo;un service de renseignement fran\u00e7ais en tant qu&rsquo;officier de renseignement puis instructeur responsable de la formation des services partenaires \u00e9trangers (recrutement de sources, manipulation, entretien en milieu ouvert, etc.), j&rsquo;ai d\u00e9cid\u00e9 de rejoindre, il y a sept ans, une grande entreprise priv\u00e9e pour piloter une \u00e9quipe pluridisciplinaire d\u00e9di\u00e9e \u00e0 [&hellip;]<\/p>\n","protected":false},"author":1,"featured_media":0,"parent":0,"menu_order":0,"comment_status":"closed","ping_status":"open","template":"","meta":{"footnotes":""},"class_list":["post-3","page","type-page","status-publish","hentry"],"_links":{"self":[{"href":"https:\/\/www.supraverba.com\/index.php\/wp-json\/wp\/v2\/pages\/3","targetHints":{"allow":["GET"]}}],"collection":[{"href":"https:\/\/www.supraverba.com\/index.php\/wp-json\/wp\/v2\/pages"}],"about":[{"href":"https:\/\/www.supraverba.com\/index.php\/wp-json\/wp\/v2\/types\/page"}],"author":[{"embeddable":true,"href":"https:\/\/www.supraverba.com\/index.php\/wp-json\/wp\/v2\/users\/1"}],"replies":[{"embeddable":true,"href":"https:\/\/www.supraverba.com\/index.php\/wp-json\/wp\/v2\/comments?post=3"}],"version-history":[{"count":14,"href":"https:\/\/www.supraverba.com\/index.php\/wp-json\/wp\/v2\/pages\/3\/revisions"}],"predecessor-version":[{"id":117,"href":"https:\/\/www.supraverba.com\/index.php\/wp-json\/wp\/v2\/pages\/3\/revisions\/117"}],"wp:attachment":[{"href":"https:\/\/www.supraverba.com\/index.php\/wp-json\/wp\/v2\/media?parent=3"}],"curies":[{"name":"wp","href":"https:\/\/api.w.org\/{rel}","templated":true}]}}